{"id":233,"date":"2013-04-11T12:09:05","date_gmt":"2013-04-11T10:09:05","guid":{"rendered":"http:\/\/www.gartenakademie.org\/?page_id=233"},"modified":"2021-07-10T06:31:18","modified_gmt":"2021-07-10T04:31:18","slug":"danke","status":"publish","type":"page","link":"https:\/\/www.gartenakademie.org\/?page_id=233","title":{"rendered":"Danke"},"content":{"rendered":"<h3 align=\"center\">\u201eNur die freien Menschen sind gegeneinander h\u00f6chst dankbar.\u201c Baruch de Spinoza<\/h3>\n<p align=\"center\"><strong>Es sind viele Menschen und Institutionen, die zum Erfolg der Freien Gartenakademie beigetragen haben und beitragen, hiermit m\u00f6chten wir uns herzlich bei Ihnen bedanken:<\/strong><\/p>\n<ul>\n<li><strong>f\u00fcr die fortlaufende wirtschaftliche Unterst\u00fctzung:<\/strong>\u00a0 <a href=\"http:\/\/www.gartenreisen-laade.de\/\">Christoph Laade \/ Laade Gartenreisen,<\/a>\u00a0 Kulturamt der Stadt M\u00fcnster,\u00a0 Landesverband Westfalen und Lippe der Kleing\u00e4rtner e.V. L\u00fcnen,\u00a0 Holger und Anne Lindhorst, Amt f\u00fcr Gr\u00fcnfl\u00e4chen und Umweltschutz der Stadt M\u00fcnster<\/li>\n<\/ul>\n<ul>\n<li><strong>Dank an alle G\u00e4ste, die sich so bereitwillig auf das kleine Abenteuer der Freien Gartenakademie eingelassen und Geist, Kunstfertigkeit und Inspiration mit nach M\u00fcnster gebracht haben:<\/strong> # <strong>2006: <\/strong>Dr. Andreas Mussenbrock, Heinz Dalm\u00fchle (*6.6.1953 &#8211; \u2020 25.12.2011) , Ruppe Koselleck, Rainer Schepper, Kindergarten Feldm\u00e4use, Ensemble SAXOMANIA mit Christoph Berndt (\u2020 12.09.2018) \u00a0# <strong>2007:<\/strong> Dr. Arne Moritz, Ursula Reinhard, Daniel Sprenger, Dr. Elisabeth Meyer-Renschhausen, Timm Ulrichs, Roger Trash (* 29.5.1959 \u2013 \u2020 31.08.2011) , Dr. Nana Hartig, Bertram Weisshaar, Gudula Rosa, Andreas Niepel, Tobias Sudhoff, Stefan Leppert, Christoph Beninde, Dr. Heidi Lorey, Dr. Christa M\u00fcller, Blechbl\u00e4serensemble Galaxy Brass, Alfred Holtmann # <strong>2008:<\/strong> Prof. Dr. Ferdinand Fellmann, Andreas Ladwig, Hermann Gr\u00f6ne, Trio Klare.Siegel.Camata, Gunther Keusen und Thomas Witzmann, Dr. Thomas H\u00f6velmann, J\u00fcrgen Lemke, Rainer Schepper, Ilga Eger, Hanspeter Padrutt, Christian Palm und Philipp Armbruster # <strong>2009:<\/strong> Dr. Hans von Trotha, Anoosha Golastaneh und Clemens Rave, Richard Reynolds, Hannes Demming, Prof. Dr. Reinhold Zwick, Fernando Gonzalez, Eden Project mit Howard Jones und Paul Stone, Dr. Vera Alexander, G\u00fcnter Mader, Gudula Rosa und Prof. Ulrich Rademacher, Dr. Marie-Luise Egbert, Dr. Heiko Postma, Robert Paterson &amp; Jim Paterson, Klaus Oestreich # \u00a0<strong>2010:<\/strong> Dr. Frieder Lauxmann\u00a0(*26.8.1933 &#8211; \u2020 6.6.2014), Frau Elfriede M\u00f6llenbaum, Stefan Leppert, Werner Heidemann, Prof. David Crouch, Timm Ulrichs, Pitt Hartmann, Carsten Bender, Johannes Fundermann,\u00a0Dirk Jensen, Bass-Saxophon-Quartett Deep Schrott, Dr. Elisabeth Meyer-Renschhausen, Prof. Dr. Gert Gr\u00f6ning, Rainer Schepper, Prof. Dr. Gerlinde Krause, Volker Gerling, Duo The Royal Squeeze Box und Gabriele Br\u00fcning # <strong>2011:<\/strong> Prof. Dr. Klaus Michael Meyer-Abich (* 8.4. 1936 \u2020 19.4.2018) , Dr. Christa M\u00fcller, Prof. Dr. J\u00fcrgen Milchert, The Spirit of Moondog, Maurice Maggi, Konrad Neuberger, Ivan Hicks, Rachel Hutchinson, Stefan Steinh\u00e4user, Robert Shaw, Dr. Marlies Ortner, Anne Klare und Andreas K\u00fcper-Wohlers, Dr. Brigitte Franzen, Prof. Dr. Gert Gr\u00f6ning, Ralf G\u00fcnther, Karl Heinz Jeron, Gabriele Br\u00fcning\u201a Walter Kassela und Hans-Joachim Puppa # <strong>2012<\/strong>: Prof. Dr. Peter Cornelius Mayer-Tasch, Prof. Dr. Gerhard Trommer, Ensemble Reload Futura, Compagnie 2K_FAR, Rochus Aust, Dr. Matthias N\u00f6llke, Prof. George McKay, Bernd Geiling, Dr. Florian G\u00fc\u00dfgen, Prof. Dr. David E. Cooper, Martin Rasper, Rainer Schepper, Dr. Hans Gerhold, Ulrich Grober, Prof. Dr. Stefan Rieger, Ensemble Das blaue Einhorn (der Wille z\u00e4hlt)# <strong>2013: <\/strong>Prof. Dr. Irmela Hijiya-Kirschnereit, Prof. Dr. Max J. Kobbert, Prof. Dr. Erwin-Josef Speckmann, Dr. Hildegard Speckmann,\u00a0 Zensho Shimokawa, Prof. Dr. Gert Gr\u00f6ning, Beate Reker, Hideaki Bunno, Michinobu Kato, Noriaki Ishii, Naoyuki Manabe, Heinz-Dieter Reese, Boris Hegenbart, ****** , Gudula Rosa, Dr. Lydia Br\u00fcll, Dr. Hans Gerhold, Benno Fritzen, Gabriele Br\u00fcning,\u00a0 Werner M. Busch, Sandra Freitag, Prof. Dr. Christine Thomas, Tsutomu Ozeki, Armin Biermann,\u00a0 Yumiko Okano, Elisabeth Rave,\u00a0 Prof. Dr. Lisette Gebhardt, Beatrice Kromp und Naoko Kikuchi #<strong> 2014:<\/strong> Prof. Dr. Stefan Schweizer, Fran\u00e7oise Hynek, Peter Urban-Halle, Susanne von B\u00fclow, Ruppe Koselleck, Prof. Dr. Gerhard Stickel, Christiane Landgrebe, Henny R\u00f6nneper, Prof. Dr. Roland Doschka, Eva Hase, Dr. Frank Maier-Solgk, Dr. Hans Gerhold,\u00a0 Jean-Claude S\u00e9f\u00e9rian, Christiane S\u00e9f\u00e9rian, Prof. Karl H. C. Ludwig, C\u00e9cile Corbel,\u00a0 Cyril Maurin,\u00a0 Pascal Boucaud, Simon Caby <strong># 2015: <\/strong>Dr. Florentina Hausknotz, Maurice Maggi, Severin Halder, Dr. Philipp Stierand, Dr. Thomas H\u00f6velmann, Kat Menschik, Jan Klare, Luc Ex, Michael Vatcher, Achim Zepezauer, Lyla und Richard Reynolds, Ulla Lenze, Dr. Elisabeth Meyer-Renschhausen, Almut Jirku, Sean Murray, Joel Bird, Nils Aulike, Marc Palancher, Annabel Lammers, Dr. Ute Scheub, Werner Heidemann, Volker Schlott, Falk Breitkreuz<strong> # 2016: <\/strong>Angela K\u00f6ckritz, Klemens Ludwig, Oliver F\u00fclling, Hubert Geurts, Beate Reuber, Manuel Herwig, Hannes Demming, Dr. Patricia Frick, Cheng Shi, Xingye Li, Reinbert Evers, Ralf F\u00fccks, Prof. Dr. Johannes K\u00fcchler, Martin Winter, Chun Sue, Manfred Kerklau, Carsten Bender, Stefan Naszay, Dr. Renate H\u00fccking, Dr. Volker Kl\u00f6psch, Prof. Dr. Eva Sternfeld, Arne T\u00f6ni\u00dfen, Nils Aulike, Liu Wenqing, Xu Fengxia, Jan Klare, Dirk-Peter K\u00f6lsch<strong> # 2017:\u00a0<\/strong>Marc Aug\u00e9, Hannes Demming, Manuel Herwig, Yuko Tanabe Nagamura, Frank Sch\u00e4fer, Dr. Elisabeth Meyer-Renschhausen, Wilbert de Joode, Michael Vatcher, Bart Maris, Jan Klare, Gabi Sutter, Rainer G. Schmidt, Eric Erbacher, Ulrich Grober, Timm Ulrichs, Elke Strauchenbruch, Rochus Aust, Dr. Ralf Hammecke, Marie S\u00e9f\u00e9rian, Niko Meinhold, Tim Kleinsorge, Javier Reyes\u00a0# <strong>2018:\u00a0<\/strong>Prof. Dr. Ludwig Fischer, Volker Gerling, Torsten Matschiess, J\u00f6rg Pfenningschmidt, Eva Eberwein, Stefan Leppert, Carsten Bender, Hilmar Hajek &amp; \u00a0J\u00f6rg Kerll, Doroth\u00e9e Waechter, Sigrid Tinz, Prof. Dr. Gert Gr\u00f6ning, Gudula Rosa und Marko Kassl <strong># 2019:<\/strong> Gerbrand Bakker, Prof. Dr. Paul Ke\u00dfler, Prof. Dr. Kai M\u00fcller, Hendrikje Winter, Dr. Petra Marx, Jan Klare, Han Buhrs, Nora Mulda, Klaus Bender &amp; Manfred Lucenz, Han van der Horst, Ans Hobbelink, Werner Heidemann, Julia Trompeter, Annemieke Hendriks, Prof. Dr. Nils B\u00fcttner, Drs. Leo den Dulk, Burkhardt S\u00f6ll, das Valerius Ensemble aus Enschede mit Robert Windak, Annemarie van Viegen, Eva Suslikova und Ren\u00e9 Geesing # <strong>2020:<\/strong> <span class=\"oi732d6d ik7dh3pa d2edcug0 hpfvmrgz qv66sw1b c1et5uql a8c37x1j muag1w35 ew0dbk1b jq4qci2q a3bd9o3v knj5qynh oo9gr5id hzawbc8m\" dir=\"auto\">Gudula Rosa, Rochus Aust, Dr.Elisabeth Meyer-Renschhausen, Jan Klare, Dr. Heidi Lorey, Martje Salj\u00e9 und Manfred Thalmann, Paul Zabel, Carsten Bender, Jo Herbst, Gabriele Br\u00fcning, Manfred Kerklau, Eva-Maria Jazdzejewski und Jakob Reinhardt<\/span><\/li>\n<\/ul>\n<ul>\n<li><b>ein besonderes Dankesch\u00f6n und \u201ewir vermissen Euch\u201c geht an: <\/b><a href=\"http:\/\/www.gartenakademie.org\/?p=1068\">Roger Trash *29.5.1959 \u2013 \u202031.08.2011<\/a> und <a href=\"http:\/\/www.gartenakademie.org\/?p=991\">Heinz Dalm\u00fchle *6.6.1953 &#8211; \u2020 25.12.2011<\/a>, die beide nach schwerer Krankheit im Jahre 2011 gestorben sind # \u00a0Christoph Berndt starb am 16.9.2018 in M\u00fcnster bei einem Fahrradunfall. # Eure Herzensgr\u00f6\u00dfe und wunderbaren Beitr\u00e4ge zur Freien Gartenakademie bleiben im Ged\u00e4chtnis der Zeit &#8230;\u00a0 <a href=\"http:\/\/www.gartenakademie.org\/?tag=nachrufe\">Die Nachrufe finden Sie auf dieser Webseite.<\/a><\/li>\n<\/ul>\n<ul>\n<li><strong>f\u00fcr die hilfreichen Stunden und technischen Ratschl\u00e4ge:<\/strong>\u00a0Christoph Otto Hetzel, Andreas Wilting, Marinos Loucatos und Bernhard Diemon, Norbert Bu\u00dfmann<\/li>\n<\/ul>\n<ul>\n<li><b>Danke f\u00fcr die nachhaltige Garteninfektion und die so hilfreiche Zuneigung in Worten und Taten:\u00a0 <\/b>meinen Eltern Hedwig und Wilhelm Weppelmann, meiner Gro\u00dfmutter Maria Honerpeick<\/li>\n<\/ul>\n<ul>\n<li><strong>f\u00fcr die Nutzung der Sanit\u00e4ranlagen:<\/strong> Kleing\u00e4rtnerverein Frohe Stunde e. V.<\/li>\n<\/ul>\n<ul>\n<li><b>f\u00fcr die vielseitige Unterst\u00fctzung in Freunschaft:\u00a0<\/b>Barbara und Martin Grundmann, Marile und Andreas Mussenbrock<b> <\/b><\/li>\n<\/ul>\n<ul>\n<li><strong>f\u00fcr die nachbarschaftliche Toleranz:<\/strong> die Mitglieder des Kleing\u00e4rtnervereins Langemarck e. V.<\/li>\n<\/ul>\n<ul>\n<li><strong>f\u00fcr Ihre Hilfe als Jahrespraktikant(in)en:<\/strong> 2013 Yumiko Okano # 2019 Elena Langner<\/li>\n<\/ul>\n<ul>\n<li><strong>f\u00fcr den geduldigen Einsatz als Fotomodelle der Plakatmotive:\u00a0<\/strong> <strong>2007:<\/strong> Henning Jarck , Hanna Gentner,\u00a0 Silke Appenzeller, Tobias Krell,\u00a0 Selcuk Barlak,\u00a0 Tanja Markert, Laura Kauther und\u00a0 Dirk J\u00fcsgen # <strong>2008:<\/strong> Cosima Meyer <strong># 2011: <\/strong>Isabel Mitschang # <strong>2012:<\/strong> Anna Oestreich, Ekki Kurz,\u00a0 Silas und Nele Pollert<strong> # 2013:\u00a0<\/strong> Keiko Koana # <strong>2014:<\/strong> Claudia Buschmann # <strong>2015:<\/strong> Yumiko Okano, Pep Oumar Ndiaye, Jasmin Schwan # <strong>2016: <\/strong>Wenqing LIU\u00a0# <strong>2017\/18\/19\/20:<\/strong> Wilm Weppelmann (Ass. 2017 B\u00e4rbel Nielebock # Ass 2018 Marile Mussenbrock # Ass 2019 Karin Mayer und Valerie Nielebock # Ass 2020 Karin Mayer) # <strong>2021:<\/strong> Fadoua F\u00e4rber #<strong> 2022:<\/strong> Karin Mayer<\/li>\n<\/ul>\n<h2 align=\"center\"><!-- [if gte mso 9]><xml>\n<w:WordDocument>\n<w:View>Normal<\/w:View>\n<w:Zoom>0<\/w:Zoom>\n<w:HyphenationZone>21<\/w:HyphenationZone>\n<w:Compatibility>\n<w:BreakWrappedTables\/>\n<w:SnapToGridInCell\/>\n<w:ApplyBreakingRules\/>\n<w:WrapTextWithPunct\/>\n<w:UseAsianBreakRules\/>\n<w:UseFELayout\/>\n<\/w:Compatibility>\n<w:BrowserLevel>MicrosoftInternetExplorer4<\/w:BrowserLevel>\n<\/w:WordDocument>\n<\/xml><![endif]--><!-- [if gte mso 10]>\n\n\n\n<style>\n \/* Style Definitions *\/<br \/>table.MsoNormalTable<br \/>{mso-style-name:\"Normale Tabelle\";<br \/>mso-tstyle-rowband-size:0;<br \/>mso-tstyle-colband-size:0;<br \/>mso-style-noshow:yes;<br \/>mso-style-parent:\"\";<br \/>mso-padding-alt:0cm 5.4pt 0cm 5.4pt;<br \/>mso-para-margin:0cm;<br \/>mso-para-margin-bottom:.0001pt;<br \/>mso-pagination:widow-orphan;<br \/>font-size:10.0pt;<br \/>font-family:\"Times New Roman\";}<br \/><\/style>\n\n<![endif]-->danke thanks merci dzi\u0119kuj\u0119 obrigado kiitos dank u wel gracias grazie takk mersi <span lang=\"JA\" style=\"font-family: 'MS Mincho'; mso-fareast-language: JA;\">\u3042\u308a\u304c\u3068\u3046<\/span><\/h2>\n<p><em>Wilm Weppelmann M\u00fcnster 2020<\/em><\/p>\n","protected":false},"excerpt":{"rendered":"<p>\u201eNur die freien Menschen sind gegeneinander h\u00f6chst dankbar.\u201c Baruch de Spinoza Es sind viele Menschen und Institutionen, die zum Erfolg<\/p>\n","protected":false},"author":2,"featured_media":0,"parent":47,"menu_order":0,"comment_status":"closed","ping_status":"closed","template":"","meta":[],"_links":{"self":[{"href":"https:\/\/www.gartenakademie.org\/index.php?rest_route=\/wp\/v2\/pages\/233"}],"collection":[{"href":"https:\/\/www.gartenakademie.org\/index.php?rest_route=\/wp\/v2\/pages"}],"about":[{"href":"https:\/\/www.gartenakademie.org\/index.php?rest_route=\/wp\/v2\/types\/page"}],"author":[{"embeddable":true,"href":"https:\/\/www.gartenakademie.org\/index.php?rest_route=\/wp\/v2\/users\/2"}],"replies":[{"embeddable":true,"href":"https:\/\/www.gartenakademie.org\/index.php?rest_route=%2Fwp%2Fv2%2Fcomments&post=233"}],"version-history":[{"count":73,"href":"https:\/\/www.gartenakademie.org\/index.php?rest_route=\/wp\/v2\/pages\/233\/revisions"}],"predecessor-version":[{"id":2892,"href":"https:\/\/www.gartenakademie.org\/index.php?rest_route=\/wp\/v2\/pages\/233\/revisions\/2892"}],"up":[{"embeddable":true,"href":"https:\/\/www.gartenakademie.org\/index.php?rest_route=\/wp\/v2\/pages\/47"}],"wp:attachment":[{"href":"https:\/\/www.gartenakademie.org\/index.php?rest_route=%2Fwp%2Fv2%2Fmedia&parent=233"}],"curies":[{"name":"wp","href":"https:\/\/api.w.org\/{rel}","templated":true}]}}